577.
582
Calculate the remainder when 295843 is divided by 425.
43
What is the remainder when 366566 is divided by 3577?
1712
What is the remainder when 4292938 is divided by 15?
13
Calculate the remainder when 256991 is divided by 1138.
941
Calculate the remainder when 16944312 is divided by 592.
88
Calculate the remainder when 580438 is divided by 17.
7
Calculate the remainder when 1707037 is divided by 416.
189
Calculate the remainder when 2053985 is divided by 1026981.
23
Calculate the remainder when 2589341 is divided by 25385.
71
Calculate the remainder when 241535 is divided by 6901.
0
What is the remainder when 20147 is divided by 1831?
6
What is the remainder when 7197748 is divided by 35?
33
What is the remainder when 564405 is divided by 5986?
1721
Calculate the remainder when 34260 is divided by 1009.
963
Calculate the remainder when 5612240 is divided by 311769.
398
Calculate the remainder when 124987 is divided by 124913.
74
Calculate the remainder when 149898 is divided by 6759.
1200
Calculate the remainder when 6935183 is divided by 11.
2
What is the remainder when 59422 is divided by 1200?
622
What is the remainder when 473272 is divided by 680?
672
What is the remainder when 11829729 is divided by 1164?
1161
What is the remainder when 6270149 is divided by 7232?
5
What is the remainder when 1002937 is divided by 1655?
7
Calculate the remainder when 1908962 is divided by 381760.
162
What is the remainder when 32940 is divided by 32287?
653
Calculate the remainder when 3753087 is divided by 90.
87
What is the remainder when 13200357 is divided by 6630?
27
What is the remainder when 48828502 is divided by 1094?
0
Calculate the remainder when 414306 is divided by 5597.
128
Calculate the remainder when 930001 is divided by 309976.
73
What is the remainder when 28534705 is divided by 30?
25
Calculate the remainder when 1815021 is divided by 3015.
3006
Calculate the remainder when 4218498 is divided by 10.
8
What is the remainder when 511819 is divided by 126945?
4039
What is the remainder when 4163186 is divided by 247?
1
What is the remainder when 71792448 is divided by 10?
8
What is the remainder when 74089 is divided by 446?
53
What is the remainder when 91077638 is divided by 321?
308
What is the remainder when 6688919 is divided by 52?
3
Calculate the remainder when 193709244 is divided by 1345203.
12
What is the remainder when 1823805 is divided by 368?
365
What is the remainder when 19312413 is divided by 61?
57
What is the remainder when 46296647 is divided by 7?
5
What is the remainder when 1841901 is divided by 3295?
3291
What is the remainder when 687456 is divided by 93?
0
Calculate the remainder when 150333 is divided by 7498.
373
What is the remainder when 304001 is divided by 312?
113
What is the remainder when 266676 is divided by 24116?
1400
Calculate the remainder when 2362498 is divided by 4018.
3932
What is the remainder when 269760 is divided by 7114?
6542
What is the remainder when 480177302 is divided by 3541?
3538
What is the remainder when 5865022 is divided by 36?
10
Calculate the remainder when 2689938 is divided by 9709.
545
Calculate the remainder when 333178 is divided by 4827.
115
Calculate the remainder when 939376 is divided by 1338.
100
Calculate the remainder when 50994 is divided by 89.
86
Calculate the remainder when 7484176 is divided by 229.
227
Calculate the remainder when 3605088 is divided by 721014.
18
What is the remainder when 4022809 is divided by 27366?
7
Calculate the remainder when 18394581 is divided by 696.
693
What is the remainder when 720593 is divided by 773?
157
What is the remainder when 177720 is divided by 349?
79
What is the remainder when 1696399 is divided by 189?
124
What is the remainder when 71863 is divided by 23?
11
Calculate the remainder when 139458 is divided by 9877.
1180
Calculate the remainder when 923652 is divided by 3383.
93
What is the remainder when 8771490 is divided by 382?
6
Calculate the remainder when 2663263679 is divided by 2156.
2155
Calculate the remainder when 152921986 is divided by 11585.
11571
What is the remainder when 681588 is divided by 1326?
24
Calculate the remainder when 44739 is divided by 1684.
955
Calculate the remainder when 10029641 is divided by 10029597.
44
Calculate the remainder when 29031795 is divided by 217.
16
Calculate the remainder when 283325 is divided by 673.
665
What is the remainder when 2998413 is divided by 999426?
135
Calculate the remainder when 930261 is divided by 2178.
255
What is the remainder when 422071 is divided by 4796?
23
What is the remainder when 3736702 is divided by 342?
10
Calculate the remainder when 90252786 is divided by 90252757.
29
What is the remainder when 9648676 is divided by 20?
16
What is the remainder when 59786577 is divided by 19928846?
39
What is the remainder when 623220157 is divided by 22?
21
Calculate the remainder when 390079 is divided by 2722.
833
What is the remainder when 78992428 is divided by 31421?
34
Calculate the remainder when 674184 is divided by 168544.
8
Calculate the remainder when 985445 is divided by 69.
56
What is the remainder when 9331187 is divided by 5?
2
Calculate the remainder when 53300 is divided by 47897.
5403
Calculate the remainder when 1029083 is divided by 21.
20
Calculate the remainder when 333290 is divided by 23.
20
Calculate the remainder when 1658421 is divided by 414601.
17
What is the remainder when 282828 is divided by 7069?
68
What is the remainder when 33588 is divided by 2361?
534
Calculate the remainder when 386421 is divided by 193069.
283
What is the remainder when 1950308 is divided by 4334?
8
What is the remainder when 67845271 is divided by 407?
406
What is the remainder when 192092 is divided by 276?
272
What is the remainder when 245470 is divided by 29?
14
What is the remainder when 6286802 is divided by 12400?
2
Calculate the remainder when 3422071 is divided by 76045.
46
Calculate the remainder when 66205192 is divided by 33.
31
Calculate the remainder when 5357 is divided by 103.
1
Calculate the remainder when 332285 is divided by 19097.
7636
Calculate the remainder when 87079449 is divided by 1059.
1056
What is the remainder when 3275464 is divided by 319?
291
Calculate the remainder when 41553442 is divided by 11.
7
What is the remainder when 5804414 is divided by 10?
4
What is the remainder when 674535 is divided by 211?
179
What is the remainder when 318357 is divided by 617?
602
What is the remainder when 20509 is divided by 312?
229
What is the remainder when 1708443 is divided by 188?
87
What is the remainder when 120940 is divided by 1456?
92
What is the remainder when 359832 is divided by 7796?
1216
Calculate the remainder when 14891 is divided by 751.
622
What is the remainder when 277837246 is divided by 11?
5
Calculate the remainder when 8945 is divided by 7133.
1812
Calculate the remainder when 156659 is divided by 7831.
39
What is the remainder when 399632 is divided by 3475?
7
Calculate the remainder when 546333 is divided by 54318.
3153
Calculate the remainder when 260097 is divided by 130043.
11
Calculate the remainder when 153376 is divided by 7297.
139
Calculate the remainder when 975153 is divided by 667.
666
Calculate the remainder when 928020 is divided by 96.
84
Calculate the remainder when 83754 is divided by 1495.
34
Calculate the remainder when 16530085 is divided by 5510026.
7
What is the remainder when 195286 is divided by 2?
0
What is the remainder when 9223382 is divided by 1357?
1210
What is the remainder when 53258 is divided by 2427?
2291
Calculate the remainder when 551395 is divided by 551320.
75
What is the remainder when 27331 is divided by 6475?
1431
Calculate the remainder when 3189846 is divided by 1519.
1465
Calculate the remainder when 649061 is divided by 18.
17
Calculate the remainder when 103782 is divided by 8648.
6
What is the remainder when 2981 is divided by 2383?
598
Calculate the remainder when 1018484 is divided by 898.
152
What is the remainder when 50218320 is divided by 3426?
12
What is the remainder when 86506681 is divided by 33?
19
What is the remainder when 7317401 is divided by 2286?
2201
Calculate the remainder when 120224080 is divided by 35.
25
Calculate the 